(s) = -5*m(s) + 3*o(s). Let j = -13 + 19. What is f(j)?
18
Let c(j) = -3*j + 2. Let h(k) = k**2 + k - 1. Let d(x) = x**3 + 8*x**2 - 18*x + 17. Let u(m) = -d(m) - 5*h(m). Let t be u(-14). Determine c(t).
-4
Let x(f) = -f**3 - 6*f**2 - 4*f + 1. Let w = -69 + 47. Let c = w + 17. Calculate x(c).
-4
Let r(b) = b + 8. Let s be (-1 - -3) + (35 - 16). Let l = -15 + s. Give r(l).
14
Let v be ((-34)/8)/(-1*(-5)/(-20)). Suppose v*j = 24*j - 7. Let w(x) = -4*x**3 + x**2 - 2*x + 1. What is w(j)?
-4
Let o(n) = -3*n**2 + 1. Let s be o(-1). Let p(w) = -3*w**3 - w**2 - 3*w - 3. Determine p(s).
23
Let j(r) = -10*r**2 - r**3 + 13*r**2 - 7 - r**3 + 3*r**3 - 10*r**2. Determine j(7).
-7
Let h be 81/12*12/9. Let s(o) = -2*o + 6. Determine s(h).
-12
Let l(b) = 5*b**2 + 10*b. Let i(f) = -24*f**2 - 48*f. Let c(u) = -3*i(u) - 14*l(u). Calculate c(-4).
16
Let b = -2 - -1. Let q(j) = 189*j**2 + 7*j - 22. Let z(i) = -26*i**2 - i + 3. Let f(r) = 4*q(r) + 29*z(r). Determine f(b).
2
Let q(s) be the third derivative of s**8/6720 + s**7/1260 + s**6/240 - s**5/12 - 8*s**2. Let v(b) be the third derivative of q(b). Calculate v(-2).
7
Suppose y = -23 - 6. Let o = -23 - y. Let x(b) = -o*b + 11*b - 4*b. Calculate x(1).
1
Let h(q) = -7*q**2 + 4*q**2 + 4*q + 5*q + 1 + 2*q**2. Determine h(10).
-9
Let v(p) = p**2 - 1 + 3*p - 3*p - 9*p + 3*p. What is v(5)?
-6
Let s(f) = -7 + 41 - 6 - 11 + 4*f - 7. Calculate s(-8).
-22
Let t be 6/(-4) - (1 + 85/(-10)). Let m(q) = 5*q**2 - 10*q. Let p(f) = -6*f**2 + 11*f. Let j(u) = -5*m(u) - 4*p(u). Calculate j(t).
0
Let l(q) be the third derivative of -q**6/120 - 7*q**5/60 + 5*q**4/12 + 2*q**3/3 + 7*q**2 - 4*q. Give l(-8).
-12
Suppose -2*q - 5 = -3*y, 4*q + 120 = 3*y + 101. Let c(t) = 5*t + 29. Calculate c(q).
-6
Suppose 4*n + 22 = 2*i, 0*n + 19 = 4*i - 3*n. Let p(d) = -4*d - d - 3*d**2 - d + 5*d. What is p(i)?
-4
Let m(t) = 9 - 8 - t + 8 - t**2. Calculate m(0).
9
Suppose 6*n - n = 6*j - 61, -5*j + 30 = 0. Let m(i) be the second derivative of 2*i**3/3 + 5*i**2/2 - i. Determine m(n).
-15
Suppose 53*j = -142 - 282. Let b(w) = w**3 + 6*w**2 - 12*w - 3. Determine b(j).
-35
Let v(q) = -q**2 + 2*q - 4. Let h be -1 + -9*1/(-3). Calculate v(h).
-4
Let p(s) be the second derivative of 28*s + 3/2*s**2 + 1/6*s**4 + 2/3*s**3 + 0. Calculate p(-3).
9
Let h be 4/10 - (-99)/15. Let l(j) = -24*j**2 - 5*j + 7. Let y(g) = 12*g**2 + 50*g - 3 + 40*g - 88*g. Let r(x) = h*y(x) + 3*l(x). What is r(1)?
11
Let t(b) = -b - 9. Let c(y) = -y**3 - 6*y**2 + 5*y - 17. Let s be c(-7). Let f = s + -5. Let w be t(f). Let k(d) = -2*d**2 - d - 1. What is k(w)?
-2
Suppose 3*y - 4*k + 31 = 0, 5*y = -2*k - 46 + 3. Let l = 9 + y. Let v(o) = l + o + 0. Give v(1).
1
Let f(g) be the third derivative of g**4/4 + g**3/6 - 93*g**2. What is f(2)?
13
Let l(x) be the second derivative of -x**5/20 - x**4 + 11*x**3/6 - 5*x**2/2 + 378*x. What is l(-13)?
21
Let d(s) = -3*s**3 + 10*s**2 + 10*s + 5. Let p(y) = -7*y**3 + 21*y**2 + 21*y + 9. Let j(c) = -5*d(c) + 2*p(c). What is j(9)?
2
Let p = -17 + 19. Let k(g) = 0*g**2 + 3*g - 6*g - g**p. Determine k(-3).
0
Let h(n) = -n**2 + 12*n + 10. Let l = 329 + -317. Calculate h(l).
10
Let f = -10 - 26. Let d = f + 32. Let x(j) = j**2 + 2*j + 5. What is x(d)?
13
Let m(t) = -11*t + 10. Let p(i) = -5*i + 5. Let b(v) = 3*m(v) - 7*p(v). Let q(f) = -f**2 - 15*f + 7. Let g be q(-15). Determine b(g).
9
Let o(z) = -z - 9. Suppose -62 = -7*m + 5*m. Let s = m - 30. Let b be 0/(2 + s - 2). What is o(b)?
-9
Let b(y) = y**3 - 12*y**2 - 2*y + 10. Suppose 126 = -10*f + 246. Calculate b(f).
-14
Let i be 2 + 0/(-1 - 2). Let a(v) = -1 + v**2 + v**i - v**2 + 7 - 6*v. Give a(5).
1
Let w = 55 - 51. Let s(f) = -f**2 + f + 10 - 32 + 3*f + 16. Give s(w).
-6
Let s(c) = -3*c**2 + 2*c - 5. Let m be s(2). Let x = m - -17. Let v(h) = 2*h - 2. Give v(x).
6
Let i(b) = b**3 + 7*b**2 - 2*b - 10. Let n(r) = -4*r + 32. Let p be n(9). Let a(x) = -x**2 + 2*x + 17. Let o be a(p). Give i(o).
4
Let g(c) be the second derivative of c**4/12 - 2*c**3/3 - c**2/2 - 13*c. Suppose -27 = -4*n - y, 0 = -6*n + 3*n - 4*y + 30. What is g(n)?
11
Let v(b) = -3*b + 1. Let g = 315 + -314. Calculate v(g).
-2
Let r(k) = -7*k - 20. Let t(s) = 5*s + 14. Let l(o) = -7*r(o) - 10*t(o). Determine l(-4).
4
Let k(x) be the third derivative of x**4/8 - 5*x**2. Give k(6).
18
Let v(a) = a + 8 - 3*a + a. Let m(o) = -29*o - 50. Let r be m(-2). Calculate v(r).
0
Suppose 1 = -2*u - 3. Let g be 82/10 - 6/30. Let f(d) = -6*d - 3*d**2 - 5*d + g*d. Calculate f(u).
-6
Let y be 6*(0 + (-1 - 0)). Let n be (1/4)/(7/56). Let g(q) = n - 3 + 3*q + 5 - 2*q. Give g(y).
-2
Let r(d) = d. Let i be (14 - -2)*3/2. Let h = 360 - 391. Let v = i + h. What is r(v)?
-7
Suppose -2*n - 19 = -5*h - 11, 0 = n - 3*h + 4. Let y(c) = -c**3 - 7*c**2 - 12*c - 9. Give y(n).
-9
Let q = 90 + -91. Let f(m) = -34*m**2 - m. Give f(q).
-33
Let q be -8 + 3 + (-12 - -9). Let t(v) = v**2 + 7*v - 4. Determine t(q).
4
Let n(x) = 5*x**2 + 5*x + 9. Let l(c) = 2*c**2 + 2*c + 4. Let z(w) = 7*l(w) - 3*n(w). Give z(0).
1
Let b(u) = -3 + u**2 + 7 - 1 + u**2 - 14*u. Let j = 6 - 10. Let v(d) = -d**2 + 7*d - 1. Let h(k) = j*b(k) - 7*v(k). Give h(7).
-5
Let z(t) = 10*t + 4. Let k(b) = 4*b + 1. Let j(v) = 11*k(v) - 4*z(v). Let m(i) = 17*i - 20. Let f(r) = 9*j(r) - 2*m(r). What is f(-6)?
-17
Let v = -189 - -195. Let s(w) = w - 8. Calculate s(v).
-2
Let a = 78 - 85. Let m(j) = j**3 + 8*j**2 + 9*j + 10. Let q be m(a). Let s(r) = 2*r + 2. What is s(q)?
-6
Let z be (26/(-156))/(1/(-30)). Let x(k) = k**2 - k - 4. Calculate x(z).
16
Let m(l) = 2*l**2 + 22*l + 27. Let h be m(-10). Let z(n) = 3*n - 22. Determine z(h).
-1
Let z(d) be the second derivative of -d**5/60 - d**4/24 - 5*d**3/3 + 3*d**2 + 8*d. Let m(i) be the first derivative of z(i). Calculate m(0).
-10
Let l(t) = 6*t**3 + 19*t**2 + t - 15. Let u(w) = -5*w**3 - 16*w**2 + 12. Let p(c) = -4*l(c) - 5*u(c). What is p(-5)?
-5
Let b(i) = 4*i - 5. Let p(a) = -6*a**2 - 2*a - 4. Let s be p(-5). Let x be s/(-27) + 2/(-6). What is b(x)?
15
Suppose 136*t + 3 - 39 = 142*t. Let r(z) = 4*z**2 - z**2 - 7*z + 6 - 4*z**2. What is r(t)?
12
Let n be (-24)/(-9)*48/64*-2. Let m = 2 + 0. Let s(t) = -2*t**2 + 3*t + 6*t**2 - 1 - 3*t**m. What is s(n)?
3
Suppose 6*s - s = 10. Let l(j) = -s*j + 2*j**2 + 4 + 0*j - 3*j**2 - 3. Calculate l(-4).
-7
Let i = -24 + 8. Let t = -17 - i. Let x(r) = 15*r - 1. Give x(t).
-16
Suppose 152 = -4*o - 2*r, 3*r - 65 - 11 = 2*o. Let w = o + 37. Let d(x) = -2*x**2 - x. Determine d(w).
-1
Let b(o) = 16*o**3 + 36*o**2 - 33*o - 33. Let j(k) = 7*k**3 + 17*k**2 - 16*k - 17. Let c(m) = 3*b(m) - 7*j(m). Determine c(-12).
8
Let w(t) = -t**3 - 21*t**2 - 54*t + 8. Let h be w(-18). Let j(z) = z**2 - 9*z + 13. Give j(h).
5
Let g(f) = 2*f**3 + 2*f**2 - 5*f - 2. Let o be g(-3). Let h = -20 - o. Suppose -m + h*m = -8. Let j(l) = -l**2 - 2*l + 2. Calculate j(m).
-6
Let y(k) be the third derivative of -k**5/60 + k**3/6 - 203*k**2. Let b(z) = -z**2 - 6*z + 5. Let c be b(-7). Let o = -3 - c. Calculate y(o).
0
Let m = 10 - 16. Let n(x) = x**2 + 7*x + 8. Let j be n(m). Suppose 0 = -s + 3*w - 12, -j*s - 4*w - 2 - 2 = 0. Let p(z) = z + 8. Calculate p(s).
2
Let k(x) = 7*x + 2. Let v = -1517 - -1519. Give k(v).
16
Let h(s) be the first derivative of 0*s**2 - 4 + 2*s - 1/3*s**3. Let v(u) = u**3 + 18*u**2 + 32*u - 3. Let b be v(-16). Calculate h(b).
-7
Let v(s) = -14*s**2 - 24*s - 4. Let b(t) = -6*t**2 - 13*t - 3. Let n(x) = -5*b(x) + 2*v(x). Calculate n(-8).
-1
Let s(h) = h + 3*h**2 - 3 - 2*h**2 + h**3 + 0*h**2. Let v(w) = -w**2 - 23*w - 20. Let j be v(-22). Suppose j*z = -6*z. Give s(z).
-3
Let i = -574 - -577. Let t(n) be the first derivative of -4 - 1/4*n**4 + 3*n + n**2 - n**i. Determine t(-2).
-5
Suppose 7*l + 3*n = 3*l - 17, 2*n = 3*l + 17. Let t(b) = b**2 + 2*b - 4. Let u(i) = i**2 + 3*i - 5. Let o(z) = l*u(z) + 6*t(z). Determine o(6).
19
Let j(i) = -i**3 - 21*i**2 - 20*i - 41. Let w(v) = -5*v**3 - 84*v**2 - 80*v - 163. Let l(f) = -9*j(f) + 2*w(f). What is l(22)?
-1
Let d be (-4)/(-10)*35/(-7). Let i(w) be the third derivative of w**6/120 + w**4/24 - 32*w**2. Determine i(d).
-10
Let o(l) = -8*l + 2. Suppose -4*b + 3*d = b - 24, 0 = -5*b - d + 12. Determine o(b).
-22
Let p(t) = t - 4. Suppose 9 = r + 94*i - 93*i, 36 = 4*r - 2*i. What is p(r)?
5
Let o(g) = -g